{"id":17624,"date":"2023-11-09T11:41:23","date_gmt":"2023-11-09T10:41:23","guid":{"rendered":"https:\/\/alcompasrevista.com\/?post_type=tribe_events&#038;p=17624"},"modified":"2023-11-09T12:38:47","modified_gmt":"2023-11-09T11:38:47","slug":"compositores-valencianes-per-a-banda","status":"publish","type":"tribe_events","link":"https:\/\/alcompasrevista.com\/va\/agenda\/compositores-valencianes-per-a-banda","title":{"rendered":"Presentaci\u00f3 del disc &#8216;Compositores valencianes per a banda. Valencian Women Composer for Windband&#8217;"},"content":{"rendered":"<p>La Uni\u00f3 Musical Alqueriense presenta la seua \u00faltima producci\u00f3 discogr\u00e0fica:\u00a0<i>Compositores\u00a0valencianes per a banda<\/i>.<i>\u00a0Valencian Women Composer for Windband.<\/i><\/p>\n","protected":false},"excerpt":{"rendered":"<p>La Uni\u00f3 Musical Alqueriense presenta la seua \u00faltima producci\u00f3 discogr\u00e0fica:\u00a0Compositores\u00a0valencianes per a banda.\u00a0Valencian Women Composer for Windband.<\/p>\n","protected":false},"author":860002,"featured_media":17359,"template":"","meta":{"_tribe_events_status":"","_tribe_events_status_reason":"","_tribe_events_is_hybrid":"","_tribe_events_is_virtual":"","_tribe_events_virtual_video_source":"","_tribe_events_virtual_embed_video":"","_tribe_events_virtual_linked_button_text":"","_tribe_events_virtual_linked_button":"","_tribe_events_virtual_show_embed_at":"","_tribe_events_virtual_show_embed_to":[],"_tribe_events_virtual_show_on_event":"","_tribe_events_virtual_show_on_views":"","_tribe_events_virtual_url":"","footnotes":""},"tags":[],"tribe_events_cat":[938],"class_list":["post-17624","tribe_events","type-tribe_events","status-publish","has-post-thumbnail","hentry","tribe_events_cat-concierto-va","cat_concierto-va"],"yoast_head":"<!-- This site is optimized with the Yoast SEO plugin v27.4 - https:\/\/yoast.com\/product\/yoast-seo-wordpress\/ -->\n<title>Presentaci\u00f3 del disc &#039;Compositores valencianes per a banda. Valencian Women Composer for Windband&#039; - Revista Al Comp\u00e0s<\/title>\n<meta name=\"robots\" content=\"index, follow, max-snippet:-1, max-image-preview:large, max-video-preview:-1\" \/>\n<link rel=\"canonical\" href=\"https:\/\/alcompasrevista.com\/va\/agenda\/compositores-valencianes-per-a-banda\" \/>\n<meta property=\"og:locale\" content=\"en_US\" \/>\n<meta property=\"og:type\" content=\"article\" \/>\n<meta property=\"og:title\" content=\"Presentaci\u00f3 del disc &#039;Compositores valencianes per a banda. Valencian Women Composer for Windband&#039; - Revista Al Comp\u00e0s\" \/>\n<meta property=\"og:description\" content=\"La Uni\u00f3 Musical Alqueriense presenta la seua \u00faltima producci\u00f3 discogr\u00e0fica:\u00a0Compositores\u00a0valencianes per a banda.\u00a0Valencian Women Composer for Windband.\" \/>\n<meta property=\"og:url\" content=\"https:\/\/alcompasrevista.com\/va\/agenda\/compositores-valencianes-per-a-banda\" \/>\n<meta property=\"og:site_name\" content=\"Revista Al Comp\u00e0s\" \/>\n<meta property=\"article:modified_time\" content=\"2023-11-09T11:38:47+00:00\" \/>\n<meta property=\"og:image\" content=\"https:\/\/alcompasrevista.com\/wp-content\/uploads\/2023\/10\/portada-1.png\" \/>\n\t<meta property=\"og:image:width\" content=\"1600\" \/>\n\t<meta property=\"og:image:height\" content=\"900\" \/>\n\t<meta property=\"og:image:type\" content=\"image\/png\" \/>\n<meta name=\"twitter:card\" content=\"summary_large_image\" \/>\n<meta name=\"twitter:label1\" content=\"Est. reading time\" \/>\n\t<meta name=\"twitter:data1\" content=\"1 minute\" \/>\n<script type=\"application\/ld+json\" class=\"yoast-schema-graph\">{\"@context\":\"https:\\\/\\\/schema.org\",\"@graph\":[{\"@type\":\"WebPage\",\"@id\":\"https:\\\/\\\/alcompasrevista.com\\\/va\\\/agenda\\\/compositores-valencianes-per-a-banda\",\"url\":\"https:\\\/\\\/alcompasrevista.com\\\/va\\\/agenda\\\/compositores-valencianes-per-a-banda\",\"name\":\"Presentaci\u00f3 del disc 'Compositores valencianes per a banda. Valencian Women Composer for Windband' - Revista Al Comp\u00e0s\",\"isPartOf\":{\"@id\":\"https:\\\/\\\/alcompasrevista.com\\\/#website\"},\"primaryImageOfPage\":{\"@id\":\"https:\\\/\\\/alcompasrevista.com\\\/va\\\/agenda\\\/compositores-valencianes-per-a-banda#primaryimage\"},\"image\":{\"@id\":\"https:\\\/\\\/alcompasrevista.com\\\/va\\\/agenda\\\/compositores-valencianes-per-a-banda#primaryimage\"},\"thumbnailUrl\":\"https:\\\/\\\/alcompasrevista.com\\\/wp-content\\\/uploads\\\/2023\\\/10\\\/portada-1.png\",\"datePublished\":\"2023-11-09T10:41:23+00:00\",\"dateModified\":\"2023-11-09T11:38:47+00:00\",\"breadcrumb\":{\"@id\":\"https:\\\/\\\/alcompasrevista.com\\\/va\\\/agenda\\\/compositores-valencianes-per-a-banda#breadcrumb\"},\"inLanguage\":\"va\",\"potentialAction\":[{\"@type\":\"ReadAction\",\"target\":[\"https:\\\/\\\/alcompasrevista.com\\\/va\\\/agenda\\\/compositores-valencianes-per-a-banda\"]}]},{\"@type\":\"ImageObject\",\"inLanguage\":\"va\",\"@id\":\"https:\\\/\\\/alcompasrevista.com\\\/va\\\/agenda\\\/compositores-valencianes-per-a-banda#primaryimage\",\"url\":\"https:\\\/\\\/alcompasrevista.com\\\/wp-content\\\/uploads\\\/2023\\\/10\\\/portada-1.png\",\"contentUrl\":\"https:\\\/\\\/alcompasrevista.com\\\/wp-content\\\/uploads\\\/2023\\\/10\\\/portada-1.png\",\"width\":1600,\"height\":900},{\"@type\":\"BreadcrumbList\",\"@id\":\"https:\\\/\\\/alcompasrevista.com\\\/va\\\/agenda\\\/compositores-valencianes-per-a-banda#breadcrumb\",\"itemListElement\":[{\"@type\":\"ListItem\",\"position\":1,\"name\":\"Portada\",\"item\":\"https:\\\/\\\/alcompasrevista.com\\\/va\"},{\"@type\":\"ListItem\",\"position\":2,\"name\":\"Eventos\",\"item\":\"https:\\\/\\\/alcompasrevista.com\\\/agenda\\\/\"},{\"@type\":\"ListItem\",\"position\":3,\"name\":\"Presentaci\u00f3 del disc &#8216;Compositores valencianes per a banda. Valencian Women Composer for Windband&#8217;\"}]},{\"@type\":\"WebSite\",\"@id\":\"https:\\\/\\\/alcompasrevista.com\\\/#website\",\"url\":\"https:\\\/\\\/alcompasrevista.com\\\/\",\"name\":\"Revista Al Comp\u00e0s\",\"description\":\"Un proyecto de la Federaci\u00f3n de Sociedades Musicales de la Comunidad Valenciana\",\"publisher\":{\"@id\":\"https:\\\/\\\/alcompasrevista.com\\\/#organization\"},\"potentialAction\":[{\"@type\":\"SearchAction\",\"target\":{\"@type\":\"EntryPoint\",\"urlTemplate\":\"https:\\\/\\\/alcompasrevista.com\\\/?s={search_term_string}\"},\"query-input\":{\"@type\":\"PropertyValueSpecification\",\"valueRequired\":true,\"valueName\":\"search_term_string\"}}],\"inLanguage\":\"va\"},{\"@type\":\"Organization\",\"@id\":\"https:\\\/\\\/alcompasrevista.com\\\/#organization\",\"name\":\"Revista Al Comp\u00e0s\",\"url\":\"https:\\\/\\\/alcompasrevista.com\\\/\",\"logo\":{\"@type\":\"ImageObject\",\"inLanguage\":\"va\",\"@id\":\"https:\\\/\\\/alcompasrevista.com\\\/#\\\/schema\\\/logo\\\/image\\\/\",\"url\":\"https:\\\/\\\/alcompasrevista.com\\\/wp-content\\\/uploads\\\/2022\\\/04\\\/cropped-loog_blanco.png\",\"contentUrl\":\"https:\\\/\\\/alcompasrevista.com\\\/wp-content\\\/uploads\\\/2022\\\/04\\\/cropped-loog_blanco.png\",\"width\":1612,\"height\":724,\"caption\":\"Revista Al Comp\u00e0s\"},\"image\":{\"@id\":\"https:\\\/\\\/alcompasrevista.com\\\/#\\\/schema\\\/logo\\\/image\\\/\"}}]}<\/script>\n<!-- \/ Yoast SEO plugin. -->","yoast_head_json":{"title":"Presentaci\u00f3 del disc 'Compositores valencianes per a banda. Valencian Women Composer for Windband' - Revista Al Comp\u00e0s","robots":{"index":"index","follow":"follow","max-snippet":"max-snippet:-1","max-image-preview":"max-image-preview:large","max-video-preview":"max-video-preview:-1"},"canonical":"https:\/\/alcompasrevista.com\/va\/agenda\/compositores-valencianes-per-a-banda","og_locale":"en_US","og_type":"article","og_title":"Presentaci\u00f3 del disc 'Compositores valencianes per a banda. Valencian Women Composer for Windband' - Revista Al Comp\u00e0s","og_description":"La Uni\u00f3 Musical Alqueriense presenta la seua \u00faltima producci\u00f3 discogr\u00e0fica:\u00a0Compositores\u00a0valencianes per a banda.\u00a0Valencian Women Composer for Windband.","og_url":"https:\/\/alcompasrevista.com\/va\/agenda\/compositores-valencianes-per-a-banda","og_site_name":"Revista Al Comp\u00e0s","article_modified_time":"2023-11-09T11:38:47+00:00","og_image":[{"width":1600,"height":900,"url":"https:\/\/alcompasrevista.com\/wp-content\/uploads\/2023\/10\/portada-1.png","type":"image\/png"}],"twitter_card":"summary_large_image","twitter_misc":{"Est. reading time":"1 minute"},"schema":{"@context":"https:\/\/schema.org","@graph":[{"@type":"WebPage","@id":"https:\/\/alcompasrevista.com\/va\/agenda\/compositores-valencianes-per-a-banda","url":"https:\/\/alcompasrevista.com\/va\/agenda\/compositores-valencianes-per-a-banda","name":"Presentaci\u00f3 del disc 'Compositores valencianes per a banda. Valencian Women Composer for Windband' - Revista Al Comp\u00e0s","isPartOf":{"@id":"https:\/\/alcompasrevista.com\/#website"},"primaryImageOfPage":{"@id":"https:\/\/alcompasrevista.com\/va\/agenda\/compositores-valencianes-per-a-banda#primaryimage"},"image":{"@id":"https:\/\/alcompasrevista.com\/va\/agenda\/compositores-valencianes-per-a-banda#primaryimage"},"thumbnailUrl":"https:\/\/alcompasrevista.com\/wp-content\/uploads\/2023\/10\/portada-1.png","datePublished":"2023-11-09T10:41:23+00:00","dateModified":"2023-11-09T11:38:47+00:00","breadcrumb":{"@id":"https:\/\/alcompasrevista.com\/va\/agenda\/compositores-valencianes-per-a-banda#breadcrumb"},"inLanguage":"va","potentialAction":[{"@type":"ReadAction","target":["https:\/\/alcompasrevista.com\/va\/agenda\/compositores-valencianes-per-a-banda"]}]},{"@type":"ImageObject","inLanguage":"va","@id":"https:\/\/alcompasrevista.com\/va\/agenda\/compositores-valencianes-per-a-banda#primaryimage","url":"https:\/\/alcompasrevista.com\/wp-content\/uploads\/2023\/10\/portada-1.png","contentUrl":"https:\/\/alcompasrevista.com\/wp-content\/uploads\/2023\/10\/portada-1.png","width":1600,"height":900},{"@type":"BreadcrumbList","@id":"https:\/\/alcompasrevista.com\/va\/agenda\/compositores-valencianes-per-a-banda#breadcrumb","itemListElement":[{"@type":"ListItem","position":1,"name":"Portada","item":"https:\/\/alcompasrevista.com\/va"},{"@type":"ListItem","position":2,"name":"Eventos","item":"https:\/\/alcompasrevista.com\/agenda\/"},{"@type":"ListItem","position":3,"name":"Presentaci\u00f3 del disc &#8216;Compositores valencianes per a banda. Valencian Women Composer for Windband&#8217;"}]},{"@type":"WebSite","@id":"https:\/\/alcompasrevista.com\/#website","url":"https:\/\/alcompasrevista.com\/","name":"Revista Al Comp\u00e0s","description":"Un proyecto de la Federaci\u00f3n de Sociedades Musicales de la Comunidad Valenciana","publisher":{"@id":"https:\/\/alcompasrevista.com\/#organization"},"potentialAction":[{"@type":"SearchAction","target":{"@type":"EntryPoint","urlTemplate":"https:\/\/alcompasrevista.com\/?s={search_term_string}"},"query-input":{"@type":"PropertyValueSpecification","valueRequired":true,"valueName":"search_term_string"}}],"inLanguage":"va"},{"@type":"Organization","@id":"https:\/\/alcompasrevista.com\/#organization","name":"Revista Al Comp\u00e0s","url":"https:\/\/alcompasrevista.com\/","logo":{"@type":"ImageObject","inLanguage":"va","@id":"https:\/\/alcompasrevista.com\/#\/schema\/logo\/image\/","url":"https:\/\/alcompasrevista.com\/wp-content\/uploads\/2022\/04\/cropped-loog_blanco.png","contentUrl":"https:\/\/alcompasrevista.com\/wp-content\/uploads\/2022\/04\/cropped-loog_blanco.png","width":1612,"height":724,"caption":"Revista Al Comp\u00e0s"},"image":{"@id":"https:\/\/alcompasrevista.com\/#\/schema\/logo\/image\/"}}]}},"_links":{"self":[{"href":"https:\/\/alcompasrevista.com\/va\/wp-json\/wp\/v2\/tribe_events\/17624","targetHints":{"allow":["GET"]}}],"collection":[{"href":"https:\/\/alcompasrevista.com\/va\/wp-json\/wp\/v2\/tribe_events"}],"about":[{"href":"https:\/\/alcompasrevista.com\/va\/wp-json\/wp\/v2\/types\/tribe_events"}],"author":[{"embeddable":true,"href":"https:\/\/alcompasrevista.com\/va\/wp-json\/wp\/v2\/users\/860002"}],"version-history":[{"count":0,"href":"https:\/\/alcompasrevista.com\/va\/wp-json\/wp\/v2\/tribe_events\/17624\/revisions"}],"wp:featuredmedia":[{"embeddable":true,"href":"https:\/\/alcompasrevista.com\/va\/wp-json\/wp\/v2\/media\/17359"}],"wp:attachment":[{"href":"https:\/\/alcompasrevista.com\/va\/wp-json\/wp\/v2\/media?parent=17624"}],"wp:term":[{"taxonomy":"post_tag","embeddable":true,"href":"https:\/\/alcompasrevista.com\/va\/wp-json\/wp\/v2\/tags?post=17624"},{"taxonomy":"tribe_events_cat","embeddable":true,"href":"https:\/\/alcompasrevista.com\/va\/wp-json\/wp\/v2\/tribe_events_cat?post=17624"}],"curies":[{"name":"wp","href":"https:\/\/api.w.org\/{rel}","templated":true}]}}

Presentació del disc &#8216;Compositores valencianes per a banda. Valencian Women Composer for Windband&#8217;

<p>La Unió Musical Alqueriense presenta la seua última producció discogràfica: <i>Compositores valencianes per a banda</i>.<i> Valencian Women Composer for Windband.</i></p>

<p>La Unió Musical Alqueriense presenta la seua última producció discogràfica: Compositores valencianes per a banda. Valencian Women Composer for Windband.</p>

<!-- This site is optimized with the Yoast SEO plugin v27.4 - https://yoast.com/product/yoast-seo-wordpress/ -->
<title>Presentació del disc &#039;Compositores valencianes per a banda. Valencian Women Composer for Windband&#039; - Revista Al Compàs</title>
<meta name="robots" content="index, follow, max-snippet:-1, max-image-preview:large, max-video-preview:-1" />
<link rel="canonical" href="https://alcompasrevista.com/va/agenda/compositores-valencianes-per-a-banda" />
<meta property="og:locale" content="en_US" />
<meta property="og:type" content="article" />
<meta property="og:title" content="Presentació del disc &#039;Compositores valencianes per a banda. Valencian Women Composer for Windband&#039; - Revista Al Compàs" />
<meta property="og:description" content="La Unió Musical Alqueriense presenta la seua última producció discogràfica: Compositores valencianes per a banda. Valencian Women Composer for Windband." />
<meta property="og:url" content="https://alcompasrevista.com/va/agenda/compositores-valencianes-per-a-banda" />
<meta property="og:site_name" content="Revista Al Compàs" />
<meta property="article:modified_time" content="2023-11-09T11:38:47+00:00" />
<meta property="og:image" content="https://alcompasrevista.com/wp-content/uploads/2023/10/portada-1.png" />
	<meta property="og:image:width" content="1600" />
	<meta property="og:image:height" content="900" />
	<meta property="og:image:type" content="image/png" />
<meta name="twitter:card" content="summary_large_image" />
<meta name="twitter:label1" content="Est. reading time" />
	<meta name="twitter:data1" content="1 minute" />
<script type="application/ld+json" class="yoast-schema-graph">{"@context":"https:\/\/schema.org","@graph":[{"@type":"WebPage","@id":"https:\/\/alcompasrevista.com\/va\/agenda\/compositores-valencianes-per-a-banda","url":"https:\/\/alcompasrevista.com\/va\/agenda\/compositores-valencianes-per-a-banda","name":"Presentació del disc 'Compositores valencianes per a banda. Valencian Women Composer for Windband' - Revista Al Compàs","isPartOf":{"@id":"https:\/\/alcompasrevista.com\/#website"},"primaryImageOfPage":{"@id":"https:\/\/alcompasrevista.com\/va\/agenda\/compositores-valencianes-per-a-banda#primaryimage"},"image":{"@id":"https:\/\/alcompasrevista.com\/va\/agenda\/compositores-valencianes-per-a-banda#primaryimage"},"thumbnailUrl":"https:\/\/alcompasrevista.com\/wp-content\/uploads\/2023\/10\/portada-1.png","datePublished":"2023-11-09T10:41:23+00:00","dateModified":"2023-11-09T11:38:47+00:00","breadcrumb":{"@id":"https:\/\/alcompasrevista.com\/va\/agenda\/compositores-valencianes-per-a-banda#breadcrumb"},"inLanguage":"va","potentialAction":[{"@type":"ReadAction","target":["https:\/\/alcompasrevista.com\/va\/agenda\/compositores-valencianes-per-a-banda"]}]},{"@type":"ImageObject","inLanguage":"va","@id":"https:\/\/alcompasrevista.com\/va\/agenda\/compositores-valencianes-per-a-banda#primaryimage","url":"https:\/\/alcompasrevista.com\/wp-content\/uploads\/2023\/10\/portada-1.png","contentUrl":"https:\/\/alcompasrevista.com\/wp-content\/uploads\/2023\/10\/portada-1.png","width":1600,"height":900},{"@type":"BreadcrumbList","@id":"https:\/\/alcompasrevista.com\/va\/agenda\/compositores-valencianes-per-a-banda#breadcrumb","itemListElement":[{"@type":"ListItem","position":1,"name":"Portada","item":"https:\/\/alcompasrevista.com\/va"},{"@type":"ListItem","position":2,"name":"Eventos","item":"https:\/\/alcompasrevista.com\/agenda\/"},{"@type":"ListItem","position":3,"name":"Presentació del disc &#8216;Compositores valencianes per a banda. Valencian Women Composer for Windband&#8217;"}]},{"@type":"WebSite","@id":"https:\/\/alcompasrevista.com\/#website","url":"https:\/\/alcompasrevista.com\/","name":"Revista Al Compàs","description":"Un proyecto de la Federación de Sociedades Musicales de la Comunidad Valenciana","publisher":{"@id":"https:\/\/alcompasrevista.com\/#organization"},"potentialAction":[{"@type":"SearchAction","target":{"@type":"EntryPoint","urlTemplate":"https:\/\/alcompasrevista.com\/?s={search_term_string}"},"query-input":{"@type":"PropertyValueSpecification","valueRequired":true,"valueName":"search_term_string"}}],"inLanguage":"va"},{"@type":"Organization","@id":"https:\/\/alcompasrevista.com\/#organization","name":"Revista Al Compàs","url":"https:\/\/alcompasrevista.com\/","logo":{"@type":"ImageObject","inLanguage":"va","@id":"https:\/\/alcompasrevista.com\/#\/schema\/logo\/image\/","url":"https:\/\/alcompasrevista.com\/wp-content\/uploads\/2022\/04\/cropped-loog_blanco.png","contentUrl":"https:\/\/alcompasrevista.com\/wp-content\/uploads\/2022\/04\/cropped-loog_blanco.png","width":1612,"height":724,"caption":"Revista Al Compàs"},"image":{"@id":"https:\/\/alcompasrevista.com\/#\/schema\/logo\/image\/"}}]}</script>
<!-- / Yoast SEO plugin. -->

Presentació del disc 'Compositores valencianes per a banda. Valencian Women Composer for Windband' - Revista Al Compàs

La Unió Musical Alqueriense presenta la seua última producció discogràfica: Compositores valencianes per a banda. Valencian Women Composer for Windband.

Revista Al Compàs

Un proyecto de la Federación de Sociedades Musicales de la Comunidad Valenciana
