{"id":13508,"date":"2023-05-02T11:37:10","date_gmt":"2023-05-02T09:37:10","guid":{"rendered":"https:\/\/alcompasrevista.com\/?post_type=evento&#038;p=13508"},"modified":"2023-05-02T11:37:12","modified_gmt":"2023-05-02T09:37:12","slug":"taller-de-musica-colombiana-a-la-unio-musical-dalaquas","status":"publish","type":"evento","link":"https:\/\/alcompasrevista.com\/va\/archivos\/evento\/taller-de-musica-colombiana-a-la-unio-musical-dalaquas","title":{"rendered":"Taller de M\u00fasica Colombiana a la Uni\u00f3 Musical d&#8217;Alaqu\u00e0s"},"content":{"rendered":"","protected":false},"excerpt":{"rendered":"","protected":false},"author":860002,"featured_media":13505,"menu_order":0,"comment_status":"open","ping_status":"open","template":"","format":"standard","meta":{"footnotes":""},"class_list":["post-13508","evento","type-evento","status-publish","format-standard","has-post-thumbnail","hentry"],"yoast_head":"<!-- This site is optimized with the Yoast SEO plugin v27.3 - https:\/\/yoast.com\/product\/yoast-seo-wordpress\/ -->\n<title>Taller de M\u00fasica Colombiana a la Uni\u00f3 Musical d&#039;Alaqu\u00e0s - Revista Al Comp\u00e0s<\/title>\n<meta name=\"robots\" content=\"index, follow, max-snippet:-1, max-image-preview:large, max-video-preview:-1\" \/>\n<link rel=\"canonical\" href=\"https:\/\/alcompasrevista.com\/va\/archivos\/evento\/taller-de-musica-colombiana-a-la-unio-musical-dalaquas\" \/>\n<meta property=\"og:locale\" content=\"en_US\" \/>\n<meta property=\"og:type\" content=\"article\" \/>\n<meta property=\"og:title\" content=\"Taller de M\u00fasica Colombiana a la Uni\u00f3 Musical d&#039;Alaqu\u00e0s - Revista Al Comp\u00e0s\" \/>\n<meta property=\"og:url\" content=\"https:\/\/alcompasrevista.com\/va\/archivos\/evento\/taller-de-musica-colombiana-a-la-unio-musical-dalaquas\" \/>\n<meta property=\"og:site_name\" content=\"Revista Al Comp\u00e0s\" \/>\n<meta property=\"article:modified_time\" content=\"2023-05-02T09:37:12+00:00\" \/>\n<meta property=\"og:image\" content=\"https:\/\/alcompasrevista.com\/wp-content\/uploads\/2023\/05\/Taller-Musica-Colombiana-03-05-23-e1683020208193.jpeg\" \/>\n\t<meta property=\"og:image:width\" content=\"720\" \/>\n\t<meta property=\"og:image:height\" content=\"403\" \/>\n\t<meta property=\"og:image:type\" content=\"image\/jpeg\" \/>\n<meta name=\"twitter:card\" content=\"summary_large_image\" \/>\n<script type=\"application\/ld+json\" class=\"yoast-schema-graph\">{\"@context\":\"https:\\\/\\\/schema.org\",\"@graph\":[{\"@type\":\"WebPage\",\"@id\":\"https:\\\/\\\/alcompasrevista.com\\\/va\\\/archivos\\\/evento\\\/taller-de-musica-colombiana-a-la-unio-musical-dalaquas\",\"url\":\"https:\\\/\\\/alcompasrevista.com\\\/va\\\/archivos\\\/evento\\\/taller-de-musica-colombiana-a-la-unio-musical-dalaquas\",\"name\":\"Taller de M\u00fasica Colombiana a la Uni\u00f3 Musical d'Alaqu\u00e0s - Revista Al Comp\u00e0s\",\"isPartOf\":{\"@id\":\"https:\\\/\\\/alcompasrevista.com\\\/#website\"},\"primaryImageOfPage\":{\"@id\":\"https:\\\/\\\/alcompasrevista.com\\\/va\\\/archivos\\\/evento\\\/taller-de-musica-colombiana-a-la-unio-musical-dalaquas#primaryimage\"},\"image\":{\"@id\":\"https:\\\/\\\/alcompasrevista.com\\\/va\\\/archivos\\\/evento\\\/taller-de-musica-colombiana-a-la-unio-musical-dalaquas#primaryimage\"},\"thumbnailUrl\":\"https:\\\/\\\/alcompasrevista.com\\\/wp-content\\\/uploads\\\/2023\\\/05\\\/Taller-Musica-Colombiana-03-05-23-e1683020208193.jpeg\",\"datePublished\":\"2023-05-02T09:37:10+00:00\",\"dateModified\":\"2023-05-02T09:37:12+00:00\",\"breadcrumb\":{\"@id\":\"https:\\\/\\\/alcompasrevista.com\\\/va\\\/archivos\\\/evento\\\/taller-de-musica-colombiana-a-la-unio-musical-dalaquas#breadcrumb\"},\"inLanguage\":\"va\",\"potentialAction\":[{\"@type\":\"ReadAction\",\"target\":[\"https:\\\/\\\/alcompasrevista.com\\\/va\\\/archivos\\\/evento\\\/taller-de-musica-colombiana-a-la-unio-musical-dalaquas\"]}]},{\"@type\":\"ImageObject\",\"inLanguage\":\"va\",\"@id\":\"https:\\\/\\\/alcompasrevista.com\\\/va\\\/archivos\\\/evento\\\/taller-de-musica-colombiana-a-la-unio-musical-dalaquas#primaryimage\",\"url\":\"https:\\\/\\\/alcompasrevista.com\\\/wp-content\\\/uploads\\\/2023\\\/05\\\/Taller-Musica-Colombiana-03-05-23-e1683020208193.jpeg\",\"contentUrl\":\"https:\\\/\\\/alcompasrevista.com\\\/wp-content\\\/uploads\\\/2023\\\/05\\\/Taller-Musica-Colombiana-03-05-23-e1683020208193.jpeg\",\"width\":720,\"height\":403},{\"@type\":\"BreadcrumbList\",\"@id\":\"https:\\\/\\\/alcompasrevista.com\\\/va\\\/archivos\\\/evento\\\/taller-de-musica-colombiana-a-la-unio-musical-dalaquas#breadcrumb\",\"itemListElement\":[{\"@type\":\"ListItem\",\"position\":1,\"name\":\"Portada\",\"item\":\"https:\\\/\\\/alcompasrevista.com\\\/va\"},{\"@type\":\"ListItem\",\"position\":2,\"name\":\"Agenda\",\"item\":\"https:\\\/\\\/alcompasrevista.com\\\/va\\\/archivos\\\/evento\"},{\"@type\":\"ListItem\",\"position\":3,\"name\":\"Taller de M\u00fasica Colombiana a la Uni\u00f3 Musical d&#8217;Alaqu\u00e0s\"}]},{\"@type\":\"WebSite\",\"@id\":\"https:\\\/\\\/alcompasrevista.com\\\/#website\",\"url\":\"https:\\\/\\\/alcompasrevista.com\\\/\",\"name\":\"Revista Al Comp\u00e0s\",\"description\":\"Un proyecto de la Federaci\u00f3n de Sociedades Musicales de la Comunidad Valenciana\",\"publisher\":{\"@id\":\"https:\\\/\\\/alcompasrevista.com\\\/#organization\"},\"potentialAction\":[{\"@type\":\"SearchAction\",\"target\":{\"@type\":\"EntryPoint\",\"urlTemplate\":\"https:\\\/\\\/alcompasrevista.com\\\/?s={search_term_string}\"},\"query-input\":{\"@type\":\"PropertyValueSpecification\",\"valueRequired\":true,\"valueName\":\"search_term_string\"}}],\"inLanguage\":\"va\"},{\"@type\":\"Organization\",\"@id\":\"https:\\\/\\\/alcompasrevista.com\\\/#organization\",\"name\":\"Revista Al Comp\u00e0s\",\"url\":\"https:\\\/\\\/alcompasrevista.com\\\/\",\"logo\":{\"@type\":\"ImageObject\",\"inLanguage\":\"va\",\"@id\":\"https:\\\/\\\/alcompasrevista.com\\\/#\\\/schema\\\/logo\\\/image\\\/\",\"url\":\"https:\\\/\\\/alcompasrevista.com\\\/wp-content\\\/uploads\\\/2022\\\/04\\\/cropped-loog_blanco.png\",\"contentUrl\":\"https:\\\/\\\/alcompasrevista.com\\\/wp-content\\\/uploads\\\/2022\\\/04\\\/cropped-loog_blanco.png\",\"width\":1612,\"height\":724,\"caption\":\"Revista Al Comp\u00e0s\"},\"image\":{\"@id\":\"https:\\\/\\\/alcompasrevista.com\\\/#\\\/schema\\\/logo\\\/image\\\/\"}}]}<\/script>\n<!-- \/ Yoast SEO plugin. -->","yoast_head_json":{"title":"Taller de M\u00fasica Colombiana a la Uni\u00f3 Musical d'Alaqu\u00e0s - Revista Al Comp\u00e0s","robots":{"index":"index","follow":"follow","max-snippet":"max-snippet:-1","max-image-preview":"max-image-preview:large","max-video-preview":"max-video-preview:-1"},"canonical":"https:\/\/alcompasrevista.com\/va\/archivos\/evento\/taller-de-musica-colombiana-a-la-unio-musical-dalaquas","og_locale":"en_US","og_type":"article","og_title":"Taller de M\u00fasica Colombiana a la Uni\u00f3 Musical d'Alaqu\u00e0s - Revista Al Comp\u00e0s","og_url":"https:\/\/alcompasrevista.com\/va\/archivos\/evento\/taller-de-musica-colombiana-a-la-unio-musical-dalaquas","og_site_name":"Revista Al Comp\u00e0s","article_modified_time":"2023-05-02T09:37:12+00:00","og_image":[{"width":720,"height":403,"url":"https:\/\/alcompasrevista.com\/wp-content\/uploads\/2023\/05\/Taller-Musica-Colombiana-03-05-23-e1683020208193.jpeg","type":"image\/jpeg"}],"twitter_card":"summary_large_image","schema":{"@context":"https:\/\/schema.org","@graph":[{"@type":"WebPage","@id":"https:\/\/alcompasrevista.com\/va\/archivos\/evento\/taller-de-musica-colombiana-a-la-unio-musical-dalaquas","url":"https:\/\/alcompasrevista.com\/va\/archivos\/evento\/taller-de-musica-colombiana-a-la-unio-musical-dalaquas","name":"Taller de M\u00fasica Colombiana a la Uni\u00f3 Musical d'Alaqu\u00e0s - Revista Al Comp\u00e0s","isPartOf":{"@id":"https:\/\/alcompasrevista.com\/#website"},"primaryImageOfPage":{"@id":"https:\/\/alcompasrevista.com\/va\/archivos\/evento\/taller-de-musica-colombiana-a-la-unio-musical-dalaquas#primaryimage"},"image":{"@id":"https:\/\/alcompasrevista.com\/va\/archivos\/evento\/taller-de-musica-colombiana-a-la-unio-musical-dalaquas#primaryimage"},"thumbnailUrl":"https:\/\/alcompasrevista.com\/wp-content\/uploads\/2023\/05\/Taller-Musica-Colombiana-03-05-23-e1683020208193.jpeg","datePublished":"2023-05-02T09:37:10+00:00","dateModified":"2023-05-02T09:37:12+00:00","breadcrumb":{"@id":"https:\/\/alcompasrevista.com\/va\/archivos\/evento\/taller-de-musica-colombiana-a-la-unio-musical-dalaquas#breadcrumb"},"inLanguage":"va","potentialAction":[{"@type":"ReadAction","target":["https:\/\/alcompasrevista.com\/va\/archivos\/evento\/taller-de-musica-colombiana-a-la-unio-musical-dalaquas"]}]},{"@type":"ImageObject","inLanguage":"va","@id":"https:\/\/alcompasrevista.com\/va\/archivos\/evento\/taller-de-musica-colombiana-a-la-unio-musical-dalaquas#primaryimage","url":"https:\/\/alcompasrevista.com\/wp-content\/uploads\/2023\/05\/Taller-Musica-Colombiana-03-05-23-e1683020208193.jpeg","contentUrl":"https:\/\/alcompasrevista.com\/wp-content\/uploads\/2023\/05\/Taller-Musica-Colombiana-03-05-23-e1683020208193.jpeg","width":720,"height":403},{"@type":"BreadcrumbList","@id":"https:\/\/alcompasrevista.com\/va\/archivos\/evento\/taller-de-musica-colombiana-a-la-unio-musical-dalaquas#breadcrumb","itemListElement":[{"@type":"ListItem","position":1,"name":"Portada","item":"https:\/\/alcompasrevista.com\/va"},{"@type":"ListItem","position":2,"name":"Agenda","item":"https:\/\/alcompasrevista.com\/va\/archivos\/evento"},{"@type":"ListItem","position":3,"name":"Taller de M\u00fasica Colombiana a la Uni\u00f3 Musical d&#8217;Alaqu\u00e0s"}]},{"@type":"WebSite","@id":"https:\/\/alcompasrevista.com\/#website","url":"https:\/\/alcompasrevista.com\/","name":"Revista Al Comp\u00e0s","description":"Un proyecto de la Federaci\u00f3n de Sociedades Musicales de la Comunidad Valenciana","publisher":{"@id":"https:\/\/alcompasrevista.com\/#organization"},"potentialAction":[{"@type":"SearchAction","target":{"@type":"EntryPoint","urlTemplate":"https:\/\/alcompasrevista.com\/?s={search_term_string}"},"query-input":{"@type":"PropertyValueSpecification","valueRequired":true,"valueName":"search_term_string"}}],"inLanguage":"va"},{"@type":"Organization","@id":"https:\/\/alcompasrevista.com\/#organization","name":"Revista Al Comp\u00e0s","url":"https:\/\/alcompasrevista.com\/","logo":{"@type":"ImageObject","inLanguage":"va","@id":"https:\/\/alcompasrevista.com\/#\/schema\/logo\/image\/","url":"https:\/\/alcompasrevista.com\/wp-content\/uploads\/2022\/04\/cropped-loog_blanco.png","contentUrl":"https:\/\/alcompasrevista.com\/wp-content\/uploads\/2022\/04\/cropped-loog_blanco.png","width":1612,"height":724,"caption":"Revista Al Comp\u00e0s"},"image":{"@id":"https:\/\/alcompasrevista.com\/#\/schema\/logo\/image\/"}}]}},"_links":{"self":[{"href":"https:\/\/alcompasrevista.com\/va\/wp-json\/wp\/v2\/evento\/13508","targetHints":{"allow":["GET"]}}],"collection":[{"href":"https:\/\/alcompasrevista.com\/va\/wp-json\/wp\/v2\/evento"}],"about":[{"href":"https:\/\/alcompasrevista.com\/va\/wp-json\/wp\/v2\/types\/evento"}],"author":[{"embeddable":true,"href":"https:\/\/alcompasrevista.com\/va\/wp-json\/wp\/v2\/users\/860002"}],"replies":[{"embeddable":true,"href":"https:\/\/alcompasrevista.com\/va\/wp-json\/wp\/v2\/comments?post=13508"}],"version-history":[{"count":0,"href":"https:\/\/alcompasrevista.com\/va\/wp-json\/wp\/v2\/evento\/13508\/revisions"}],"wp:featuredmedia":[{"embeddable":true,"href":"https:\/\/alcompasrevista.com\/va\/wp-json\/wp\/v2\/media\/13505"}],"wp:attachment":[{"href":"https:\/\/alcompasrevista.com\/va\/wp-json\/wp\/v2\/media?parent=13508"}],"curies":[{"name":"wp","href":"https:\/\/api.w.org\/{rel}","templated":true}]}}

Taller de Música Colombiana a la Unió Musical d&#8217;Alaquàs

<!-- This site is optimized with the Yoast SEO plugin v27.3 - https://yoast.com/product/yoast-seo-wordpress/ -->
<title>Taller de Música Colombiana a la Unió Musical d&#039;Alaquàs - Revista Al Compàs</title>
<meta name="robots" content="index, follow, max-snippet:-1, max-image-preview:large, max-video-preview:-1" />
<link rel="canonical" href="https://alcompasrevista.com/va/archivos/evento/taller-de-musica-colombiana-a-la-unio-musical-dalaquas" />
<meta property="og:locale" content="en_US" />
<meta property="og:type" content="article" />
<meta property="og:title" content="Taller de Música Colombiana a la Unió Musical d&#039;Alaquàs - Revista Al Compàs" />
<meta property="og:url" content="https://alcompasrevista.com/va/archivos/evento/taller-de-musica-colombiana-a-la-unio-musical-dalaquas" />
<meta property="og:site_name" content="Revista Al Compàs" />
<meta property="article:modified_time" content="2023-05-02T09:37:12+00:00" />
<meta property="og:image" content="https://alcompasrevista.com/wp-content/uploads/2023/05/Taller-Musica-Colombiana-03-05-23-e1683020208193.jpeg" />
	<meta property="og:image:width" content="720" />
	<meta property="og:image:height" content="403" />
	<meta property="og:image:type" content="image/jpeg" />
<meta name="twitter:card" content="summary_large_image" />
<script type="application/ld+json" class="yoast-schema-graph">{"@context":"https:\/\/schema.org","@graph":[{"@type":"WebPage","@id":"https:\/\/alcompasrevista.com\/va\/archivos\/evento\/taller-de-musica-colombiana-a-la-unio-musical-dalaquas","url":"https:\/\/alcompasrevista.com\/va\/archivos\/evento\/taller-de-musica-colombiana-a-la-unio-musical-dalaquas","name":"Taller de Música Colombiana a la Unió Musical d'Alaquàs - Revista Al Compàs","isPartOf":{"@id":"https:\/\/alcompasrevista.com\/#website"},"primaryImageOfPage":{"@id":"https:\/\/alcompasrevista.com\/va\/archivos\/evento\/taller-de-musica-colombiana-a-la-unio-musical-dalaquas#primaryimage"},"image":{"@id":"https:\/\/alcompasrevista.com\/va\/archivos\/evento\/taller-de-musica-colombiana-a-la-unio-musical-dalaquas#primaryimage"},"thumbnailUrl":"https:\/\/alcompasrevista.com\/wp-content\/uploads\/2023\/05\/Taller-Musica-Colombiana-03-05-23-e1683020208193.jpeg","datePublished":"2023-05-02T09:37:10+00:00","dateModified":"2023-05-02T09:37:12+00:00","breadcrumb":{"@id":"https:\/\/alcompasrevista.com\/va\/archivos\/evento\/taller-de-musica-colombiana-a-la-unio-musical-dalaquas#breadcrumb"},"inLanguage":"va","potentialAction":[{"@type":"ReadAction","target":["https:\/\/alcompasrevista.com\/va\/archivos\/evento\/taller-de-musica-colombiana-a-la-unio-musical-dalaquas"]}]},{"@type":"ImageObject","inLanguage":"va","@id":"https:\/\/alcompasrevista.com\/va\/archivos\/evento\/taller-de-musica-colombiana-a-la-unio-musical-dalaquas#primaryimage","url":"https:\/\/alcompasrevista.com\/wp-content\/uploads\/2023\/05\/Taller-Musica-Colombiana-03-05-23-e1683020208193.jpeg","contentUrl":"https:\/\/alcompasrevista.com\/wp-content\/uploads\/2023\/05\/Taller-Musica-Colombiana-03-05-23-e1683020208193.jpeg","width":720,"height":403},{"@type":"BreadcrumbList","@id":"https:\/\/alcompasrevista.com\/va\/archivos\/evento\/taller-de-musica-colombiana-a-la-unio-musical-dalaquas#breadcrumb","itemListElement":[{"@type":"ListItem","position":1,"name":"Portada","item":"https:\/\/alcompasrevista.com\/va"},{"@type":"ListItem","position":2,"name":"Agenda","item":"https:\/\/alcompasrevista.com\/va\/archivos\/evento"},{"@type":"ListItem","position":3,"name":"Taller de Música Colombiana a la Unió Musical d&#8217;Alaquàs"}]},{"@type":"WebSite","@id":"https:\/\/alcompasrevista.com\/#website","url":"https:\/\/alcompasrevista.com\/","name":"Revista Al Compàs","description":"Un proyecto de la Federación de Sociedades Musicales de la Comunidad Valenciana","publisher":{"@id":"https:\/\/alcompasrevista.com\/#organization"},"potentialAction":[{"@type":"SearchAction","target":{"@type":"EntryPoint","urlTemplate":"https:\/\/alcompasrevista.com\/?s={search_term_string}"},"query-input":{"@type":"PropertyValueSpecification","valueRequired":true,"valueName":"search_term_string"}}],"inLanguage":"va"},{"@type":"Organization","@id":"https:\/\/alcompasrevista.com\/#organization","name":"Revista Al Compàs","url":"https:\/\/alcompasrevista.com\/","logo":{"@type":"ImageObject","inLanguage":"va","@id":"https:\/\/alcompasrevista.com\/#\/schema\/logo\/image\/","url":"https:\/\/alcompasrevista.com\/wp-content\/uploads\/2022\/04\/cropped-loog_blanco.png","contentUrl":"https:\/\/alcompasrevista.com\/wp-content\/uploads\/2022\/04\/cropped-loog_blanco.png","width":1612,"height":724,"caption":"Revista Al Compàs"},"image":{"@id":"https:\/\/alcompasrevista.com\/#\/schema\/logo\/image\/"}}]}</script>
<!-- / Yoast SEO plugin. -->

Taller de Música Colombiana a la Unió Musical d'Alaquàs - Revista Al Compàs

Revista Al Compàs

Un proyecto de la Federación de Sociedades Musicales de la Comunidad Valenciana
